 h(-2)?
8
Let y(w) = w**3 + 3*w**2 - 3*w + 5. Let l = -230 - -284. Let a = 115 + -173. Let h = l + a. What is y(h)?
1
Let x(r) = -329*r - 36 - 31 + 314*r + 100 - 32. Suppose 5*o - 5 + 0 = 0. What is x(o)?
-14
Let f(j) = -j**2 + 2*j - 6. Let k(d) = d + 21. Let y be k(-11). Suppose y*z - 6*z = 3*a - 8, -a - 4*z = 8. Give f(a).
-6
Let l(j) = -j**3 - 12*j**2 - 27*j - 767. Let c be l(-14). Let g(k) = 13 + 15*k + 14 - 28. Calculate g(c).
44
Suppose m = -25*q + 29*q + 2, -m - 5*q - 16 = 0. Let x(s) = s**3 + 5*s**2 + 2*s + 6. Give x(m).
-42
Let g(c) = 7*c**2 - c - 8. Let t(p) = -3*p**2 + p + 1. Let s(v) = -g(v) - 2*t(v). Let u(o) = o**2 + 2*o - 1. Let h(r) = s(r) + 2*u(r). Determine h(0).
4
Let f(z) be the third derivative of z**5/10 - z**4/6 - 7*z**3/6 - 85*z**2. Determine f(3).
35
Let n(r) = 22*r + 1. Let o(d) = -63*d - 3. Let g(h) = 17*n(h) + 6*o(h). Let s(j) = -j. Let z be s(3). Determine g(z).
11
Let u(t) = 493 - 136 - 138 - 8*t - 164. Give u(7).
-1
Let t(o) = o**3 - 6*o**2 - 2. Let c(j) = j**3 - 10*j**2 + 17*j + 25. Let p be c(9). Suppose p*a - 12 = 95*a. Calculate t(a).
-2
Let s be (-1358)/70 + (-6)/10. Let p be (-1)/((s/55)/4). Let b(t) = 0*t + p - 26 + 2*t + 14. Calculate b(2).
3
Let s(o) = 3*o**3 - o**2 - 3*o + 2. Let v be -5 - -4 - 2/1. Let f = v + 9. Let k be 2*((-9)/f - -2) + 1. Determine s(k).
16
Suppose 4*t - 22 = -6. Suppose 5*z - 3*m = 253, 0 = -3*z - 5*m + 2 + 143. Let k(g) = -16 + 4*g + 61 - g**2 - z. Give k(t).
-5
Let p(z) = -z**2 + 264*z - 1576. Let k be p(6). Let j(b) = -b**3 - 29*b**2 - 27*b + 36. Give j(k).
8
Let i be 86/6 + 7/(-21). Suppose i - 26 = -w. Suppose -12*f - w = -8*f. Let o(p) = p**3 + 3*p**2 + p - 2. Give o(f).
-5
Let f = 36 - 32. Suppose -f + 30 = 4*m + 2*u, -3*m - 5*u + 30 = 0. Let h be (-3 - -23)/m + 16/(-2). Let w(v) = -6*v - 2. Determine w(h).
22
Let t(v) = 5*v + 1. Let b(k) = 29*k + 190. Let p(j) = -b(j) + 3*t(j). Determine p(-13).
-5
Let h(y) = -y**3 - 7*y**2 - 9*y - 10. Suppose -3*i = 11 + 7. Let x be h(i). Suppose 40 = x*d - 12*d. Let u(b) = b**3 + 10*b**2 + 11. Calculate u(d).
11
Let x = 7116 - 7148. Let g(v) = v**3 + 34*v**2 + 71*v + 228. What is g(x)?
4
Let p(y) = 6*y - 11. Let d(j) = -12*j + 22. Let t(o) = 3*d(o) + 5*p(o). Let n = -229793 - -229801. Calculate t(n).
-37
Suppose 2*z = 4*t + 56, -4*t + 68 = -7*t - 5*z. Let x(q) = q**3 + 17*q**2 + 16*q + 20. Give x(t).
20
Let u(c) be the third derivative of -c**4 + 5*c**3/6 - 2*c**2 - 7*c + 85. Determine u(-1).
29
Let c(z) = -3*z**2 + 73*z + 51. Let m be c(25). Let l be (-7 - -5 - m)/(-1). Let w(h) = -3*h**2 + h**2 - h + 2*h - 1. What is w(l)?
-16
Let b(d) be the second derivative of 0 + 19*d + 1/6*d**3 + 1/2*d**2. Suppose 4*x - 3 = -y + 3*x, 4*y + 2*x - 10 = 0. What is b(y)?
3
Let w(q) = q**2 - 5*q - 48. Let a be w(10). Let i(c) = -21 - 6*c**a - 20 - 6*c + 38 + 7*c**2. Calculate i(6).
-3
Suppose -21 = -5*l - 0*t - 3*t, 5*l + 5*t = 25. Let g(z) = 2*z**3 - 6*z**2 - 3*z**l + 1 - 7 - 2*z. Suppose -16*v = -15*v + 6. What is g(v)?
6
Let h(c) = 4 + 0*c**3 + 6199*c - 9*c**2 - 3*c**3 - 6191*c. Calculate h(-5).
114
Suppose k - 20 = 3*b, -3*k - b = -4*k + 10. Suppose 5*s + k*w - 20 = s, -18 = -s + 2*w. Let f(d) = d**3 - 11*d**2 + 11*d - 7. Determine f(s).
3
Let h(m) = -15*m - 193. Let b be h(-13). Suppose -44 = -6*o - b. Let r(y) = -2*y + 13. Calculate r(o).
-1
Let x(q) = -31*q**2 + 4*q - 42. Let m(w) = 7*w**2 - w + 10. Let k be (144/27 - 5) + (-7)/3. Let v(c) = k*x(c) - 9*m(c). Calculate v(6).
-36
Let w be (6/2)/(-3)*-6. Suppose m = w*m. Let a(h) = -3 - 5*h**2 + 2*h + 7 + m*h - h**3. Give a(-5).
-6
Let b(h) = 2440*h**3 - 2445*h**3 + 9*h**2 - 10*h**2. Give b(-2).
36
Let m(r) = -41*r + 1. Let n = -11 - -21. Suppose -6*g - 4 = -n*g. Calculate m(g).
-40
Let a(u) be the first derivative of 2*u**3/3 - 11*u**2/2 + 7*u - 26. Let s be a(5). Let l(b) = -b + 2 - 3 + 0*b + s. What is l(8)?
-7
Let q(h) = h**2 + 6*h - 1 + 8 + h**2 - 3*h. Let i be (-2)/(2/(1 + 3)*2). Let d be q(i). Let a(r) = -r**3 + 10*r**2 - 10*r + 5. Determine a(d).
-4
Let l(i) = -19*i + 14. Let o(c) = 2*c - 1. Let u(g) = 6*l(g) + 58*o(g). What is u(-16)?
-6
Let s(m) be the third derivative of -m**4/2 - 61*m**3 - 2*m**2 - 6*m - 50. What is s(-31)?
6
Let q(w) = 3*w + 144. Let j(r) = -3*r - 212. Let x(a) = 2*j(a) + 3*q(a). Calculate x(0).
8
Let f = 118 - 83. Let m be -1*-5*(-49)/f. Let b(u) = 3*u + 14. Calculate b(m).
-7
Let v(o) = -47*o - 1818. Let l be v(-39). Let i(d) = -d**3 + 9*d**2 + 92*d - 33. Calculate i(l).
-3
Let r(h) = -13*h**2 - 18 + 5*h**2 + 8*h + 6*h**2 + 3*h + h**2. Give r(6).
12
Let y(x) = -x + 7. Suppose 11*a - 7*a = -920. Let m = -224 - a. Give y(m).
1
Let x be (237/(-158))/((-2)/(-20)). Let j(r) = -2*r + 1. Give j(x).
31
Let j(o) = 5. Let x(c) = -5*c - 6. Let f(p) = 2*j(p) + x(p). Let w(l) = l**2 - 12*l + 15. Let g be w(10). Calculate f(g).
29
Let q(b) = -b**2 - 5*b + 84. Suppose -4 = 2*z + 4*d, -20*d - 63 = 4*z - 23*d. Give q(z).
0
Let z(s) = -4*s**3 + 4*s**2 - 6*s - 15. Let d(i) = -13*i**3 + 11*i**2 - 17*i - 39. Let r(h) = -3*d(h) + 8*z(h). Calculate r(2).
55
Let d(g) = -g + g + 10*g - 2 - 5*g - 4*g. Let z = 14 - 16. Let q be -2 + -2 + z + 10. Calculate d(q).
2
Let q(s) = -11*s + 14. Let i(a) = -23*a + 25. Let j(b) = -4*i(b) + 9*q(b). Let c(l) = 2*l + 2. Let u(t) = -4*c(t) - j(t). Calculate u(0).
-34
Suppose -26 = q + 4*r, 32*q + 35 = 27*q - r. Let c(d) = d**3 + 5*d**2 - 13*d - 42. Calculate c(q).
0
Let a(k) = -k**2 - 6*k + 2. Suppose 2*w + 17 = 3*u, 4*u - 8*u = 3*w. Suppose u*n + 5 = -10. Let x be -5*-1*(n + 4). What is a(x)?
7
Let p(f) = f**2 - f - 4. Let z(q) = -8*q + 79. Let l be z(7). Suppose -l*r - 11*r = 102. Give p(r).
8
Let a(v) = -v**3 + 6*v**2 - 3*v - 4. Let r(g) = 6*g**3 + 17*g**2 + 7*g + 35. Let n be r(-3). Determine a(n).
6
Suppose 152*k + 80 = 5*o + 157*k, 0 = 5*o - 5*k. Let w(n) = -n**3 + 8*n**2 - n - 12. What is w(o)?
-20
Let v(n) = 2*n**2 - 4*n + 1. Let r be (4/(-2 + 0))/(40/(-140)). Let z(x) = -8*x + 60. Let m be z(r). Calculate v(m).
17
Suppose -3*f - 4 = -2*k, 3*f = 5*f + 3*k - 6. Let w(j) = -5*j + 15. What is w(f)?
15
Suppose 0 = -6*u + 4052 - 1172. Suppose -x = 2*x - u. Let o be 1/(-3) + x/(-24). Let b(j) = j + 7. What is b(o)?
0
Let w(o) = -2*o**3 + 2*o**2 - 4*o. Let c be (6/(-108))/(5/(-230)) - (-12)/27. Give w(c).
-48
Let l(q) = -q**2 + 2*q + 1. Let f = 413 - 415. Let d be (-1 - -6) + (-4 - f). Determine l(d).
-2
Let p(x) be the first derivative of -x**5/60 - 5*x**3/3 - 4. Let b(l) be the third derivative of p(l). Let n = -2359 - -2366. Calculate b(n).
-14
Suppose 68*l = 62*l + 18. Let o be (-12)/8*(-2)/l*23. Let d(t) = 12*t + 4*t - o*t. Calculate d(-1).
7
Let c = 58 + 10. Let o(q) = -6 - 5*q**2 + q + 13*q**2 - 69*q**3 + c*q**3. Determine o(8).
2
Let g(o) be the second derivative of o**5/4 + o**4/6 + 2*o**3/3 + 2*o**2 - 502*o. Determine g(-2).
-36
Suppose -4*v - o = -4*o - 1054, -5*v + 3*o + 1319 = 0. Let p = -269 + v. Let y(f) = -f**3 - 3*f**2 - f - 4. Determine y(p).
16
Let x(y) = 87*y**2 - 8*y - 19. Let t be x(-2). Let g = t + -333. Let q(c) = c**2 - 13*c + 8. Calculate q(g).
-4
Let m(q) = 6*q**3 + 6*q**2 + 3*q - 1. Let v(d) = 7*d**3 + 7*d**2 + 4*d - 1. Let c(w) = -6*m(w) + 5*v(w). Let a be 3*(374/33)/17. Calculate c(a).
-7
Let h(j) = -j**2 + 14*j + 38. Let p = 36442 + -36426. Give h(p).
6
Let b(w) = 4*w**2 - 6*w + 3. Let f(d) = 108*d - 142*d + 16 + 1 + 23*d**2. Let k(v) = -34*b(v) + 6*f(v). Calculate k(2).
8
Let l(q) = -q**3 - 2*q**2 - 2*q - 3. Let t = 279 + -280. Give l(t).
-2
Let q(k) = -2*k**2 - 9*k + 164 - 162 + 0*k**2 + 6*k. Give q(1).
-3
Let i = 2 + 0. Suppose -i*h - 7*h = -612. Let z(y) = -y**3 + 34 - h + 34. Give z(2).
-8
Let q(f) = -f**3 + 12*f**2 - 25*f - 17. Let h be ((-315)/(-70))/((-1)/(-2)). Give q(h).
1
Let l(u) be the second derivative of -u**3/6 + 15*u**2/2 + 148*u + 2. Give l(6).
9
Suppose 8*u - 2265 - 1647 = 0. Let h(w) = -3*w + 2 + 3*w**2 + 488*w**3 - u*w**3 - 4*w**2. Give h(-3).
29
Let g(y) = 7*y - 18. Suppose 323*l = 303*l + 60. Give g(l).
3
Let n be 369/54 + (3 - 92/24). Let v(t) = -1 - 16*t + n*t + 14*t. Determine v(-2).
-9
Let w = -5 + 0. Let l(r) be the first derivative of r + 1/2*r**2 + 250. Calculate l(w).
-4
Let g(j) = 256 - 42*j + 256 - 799 + 271. Determine g(-2).
68
Let n(o) = -43*o**2 - 2*o + 11. Let w(c) = 30*c**2 + c - 7. L